{"id":2,"date":"2009-02-23T11:51:32","date_gmt":"2009-02-23T10:51:32","guid":{"rendered":"http:\/\/www.carsten-schneider.de\/blog\/?page_id=2"},"modified":"2018-06-05T08:59:19","modified_gmt":"2018-06-05T07:59:19","slug":"ueber-mich","status":"publish","type":"page","link":"https:\/\/www.carsten-schneider.de\/blog\/?page_id=2","title":{"rendered":"Verfasser"},"content":{"rendered":"<h1><strong> Verfasser<\/strong><\/h1>\n<div id=\"attachment_500\" style=\"width: 2510px\" class=\"wp-caption alignright\"><img aria-describedby=\"caption-attachment-500\" loading=\"lazy\" class=\"wp-image-500 size-full\" src=\"http:\/\/www.carsten-schneider.de\/blog\/wp-content\/uploads\/2018\/05\/2500-busse-049.jpg\" alt=\"\" width=\"2500\" height=\"1667\" srcset=\"https:\/\/www.carsten-schneider.de\/blog\/wp-content\/uploads\/2018\/05\/2500-busse-049.jpg 2500w, https:\/\/www.carsten-schneider.de\/blog\/wp-content\/uploads\/2018\/05\/2500-busse-049-300x200.jpg 300w, https:\/\/www.carsten-schneider.de\/blog\/wp-content\/uploads\/2018\/05\/2500-busse-049-768x512.jpg 768w, https:\/\/www.carsten-schneider.de\/blog\/wp-content\/uploads\/2018\/05\/2500-busse-049-1024x683.jpg 1024w, https:\/\/www.carsten-schneider.de\/blog\/wp-content\/uploads\/2018\/05\/2500-busse-049-750x500.jpg 750w, https:\/\/www.carsten-schneider.de\/blog\/wp-content\/uploads\/2018\/05\/2500-busse-049-272x182.jpg 272w\" sizes=\"(max-width: 2500px) 100vw, 2500px\" \/><p id=\"caption-attachment-500\" class=\"wp-caption-text\">\u00a9 Christoph Busse<\/p><\/div>\n<p><strong>Carsten Schneider<\/strong> wurde am 23. Januar 1976 in Erfurt geboren und ist derzeit Erster Parlamentarischer Gesch\u00e4ftsf\u00fchrer der SPD-Bundestagsfraktion.<\/p>\n<p>Weitere Informationen erhalten Sie auf der pers\u00f6nlichen Homepage<\/p>\n<p><a href=\"http:\/\/www.carsten-schneider.de\" target=\"_blank\" rel=\"noopener\">www.carsten-schneider.de<\/a><\/p>\n","protected":false},"excerpt":{"rendered":"<p>Verfasser Carsten Schneider wurde am 23. Januar 1976 in Erfurt geboren und ist derzeit Erster Parlamentarischer Gesch\u00e4ftsf\u00fchrer der SPD-Bundestagsfraktion. Weitere Informationen erhalten Sie auf der pers\u00f6nlichen Homepage www.carsten-schneider.de<\/p>\n","protected":false},"author":2,"featured_media":0,"parent":0,"menu_order":0,"comment_status":"closed","ping_status":"open","template":"","meta":[],"_links":{"self":[{"href":"https:\/\/www.carsten-schneider.de\/blog\/index.php?rest_route=\/wp\/v2\/pages\/2"}],"collection":[{"href":"https:\/\/www.carsten-schneider.de\/blog\/index.php?rest_route=\/wp\/v2\/pages"}],"about":[{"href":"https:\/\/www.carsten-schneider.de\/blog\/index.php?rest_route=\/wp\/v2\/types\/page"}],"author":[{"embeddable":true,"href":"https:\/\/www.carsten-schneider.de\/blog\/index.php?rest_route=\/wp\/v2\/users\/2"}],"replies":[{"embeddable":true,"href":"https:\/\/www.carsten-schneider.de\/blog\/index.php?rest_route=%2Fwp%2Fv2%2Fcomments&post=2"}],"version-history":[{"count":13,"href":"https:\/\/www.carsten-schneider.de\/blog\/index.php?rest_route=\/wp\/v2\/pages\/2\/revisions"}],"predecessor-version":[{"id":575,"href":"https:\/\/www.carsten-schneider.de\/blog\/index.php?rest_route=\/wp\/v2\/pages\/2\/revisions\/575"}],"wp:attachment":[{"href":"https:\/\/www.carsten-schneider.de\/blog\/index.php?rest_route=%2Fwp%2Fv2%2Fmedia&parent=2"}],"curies":[{"name":"wp","href":"https:\/\/api.w.org\/{rel}","templated":true}]}}

<h1><strong> Verfasser</strong></h1>
<div id="attachment_500" style="width: 2510px" class="wp-caption alignright"><img aria-describedby="caption-attachment-500" loading="lazy" class="wp-image-500 size-full" src="http://www.carsten-schneider.de/blog/wp-content/uploads/2018/05/2500-busse-049.jpg" alt="" width="2500" height="1667" srcset="https://www.carsten-schneider.de/blog/wp-content/uploads/2018/05/2500-busse-049.jpg 2500w, https://www.carsten-schneider.de/blog/wp-content/uploads/2018/05/2500-busse-049-300x200.jpg 300w, https://www.carsten-schneider.de/blog/wp-content/uploads/2018/05/2500-busse-049-768x512.jpg 768w, https://www.carsten-schneider.de/blog/wp-content/uploads/2018/05/2500-busse-049-1024x683.jpg 1024w, https://www.carsten-schneider.de/blog/wp-content/uploads/2018/05/2500-busse-049-750x500.jpg 750w, https://www.carsten-schneider.de/blog/wp-content/uploads/2018/05/2500-busse-049-272x182.jpg 272w" sizes="(max-width: 2500px) 100vw, 2500px" /><p id="caption-attachment-500" class="wp-caption-text">© Christoph Busse</p></div>
<p><strong>Carsten Schneider</strong> wurde am 23. Januar 1976 in Erfurt geboren und ist derzeit Erster Parlamentarischer Geschäftsführer der SPD-Bundestagsfraktion.</p>
<p>Weitere Informationen erhalten Sie auf der persönlichen Homepage</p>
<p><a href="http://www.carsten-schneider.de" target="_blank" rel="noopener">www.carsten-schneider.de</a></p>

<p>Verfasser Carsten Schneider wurde am 23. Januar 1976 in Erfurt geboren und ist derzeit Erster Parlamentarischer Geschäftsführer der SPD-Bundestagsfraktion. Weitere Informationen erhalten Sie auf der persönlichen Homepage www.carsten-schneider.de</p>
